7. Is ((-22)/11)/(3/h) a prime number?
False
Let f be (3 + 0)*(-4)/20*-5. Let j(h) = 421*h**2 + 15*h - 5. Is j(f) composite?
True
Let g(w) = w**2 + 18*w + 25. Let p be g(-17). Let d be (p + -2)*(3 - -2). Suppose -d*m + 29*m + 1115 = 0. Is m a composite number?
True
Suppose 18*i - 2007331 = -5*i + 4*i. Is i a composite number?
False
Let r = 874017 + -197524. Is r composite?
False
Let n(f) = 70*f**3 - 4*f**2 - 25*f - 3. Let i(z) = 70*z**3 - 4*z**2 - 25*z - 4. Let u(o) = 6*i(o) - 7*n(o). Is u(-4) prime?
True
Let l be 879606/98 + (-3)/(-7). Suppose 5*f - 11*f + l = 0. Suppose -806 - f = -2*d. Is d prime?
True
Let o = -7 - -9. Let m be (1 - 0)*2 + (o - 0). Suppose 0 = -3*f + 3*c + 1200, 4*f + m*c = -f + 1955. Is f a composite number?
True
Suppose -4*a = -a - 15, 4*l + a - 4793 = 0. Let y = 1943 - l. Let w = y + -399. Is w a composite number?
False
Let x(o) = 79*o + 56. Let q(c) = 39*c + 29. Let t(m) = -5*q(m) + 3*x(m). Is t(19) prime?
True
Let k be 12/(-16)*-2*2/(-1). Let h be (2 + -3)/((-2)/k + -1). Is ((4626/12)/h)/((-2)/(-20)) a prime number?
False
Suppose 2*j - 3*m - 336 = 0, -3*m + 504 = 3*j - 0*j. Suppose -43*v + 19*v + 25*v = 0. Suppose 0 = a + 5, r - j = -v*a + 2*a. Is r prime?
False
Let u(g) = 165*g + 1158. Let t be u(-7). Suppose 2*a + 7 - 17 = 0. Suppose 4*z - a*d + 2*d - 1561 = 0, -t*d - 773 = -2*z. Is z prime?
False
Let f = -470 - -465. Let g(h) = 485*h**2 - 29*h - 127. Is g(f) prime?
True
Suppose -4*u = -2*w + 508290, 70*u = 2*w + 64*u - 508306. Is w prime?
False
Suppose 3674*r - 3668*r - 202074 = 0. Is r a composite number?
False
Let a be (2 - 1) + 145 + 4 + -3. Suppose -2*k = -785 - a. Suppose -4*d + k + 438 = 0. Is d a prime number?
False
Suppose -5*w - 4*h = -0*h + 5, -w - 1 = -h. Is 12/(-16) - (6547/(-4) + w) a composite number?
False
Suppose -3844589 = -36*x + 1097023. Is x a prime number?
False
Is (48/9)/(-4) - (-23772350)/186 prime?
True
Let a(k) = 66*k**2 - 149*k - 24. Is a(-37) a composite number?
True
Suppose 2*k + 33*q = 30*q + 67825, -3*k - 4*q = -101739. Is k composite?
True
Let d(i) = -67*i**3 - 12*i**2 - 3*i + 8. Let y be d(-6). Suppose -11*r = 2*r - y. Let c = 2293 - r. Is c composite?
True
Let x(u) = 189*u**2 + 71*u - 4. Is x(-21) prime?
False
Let m = -22 + 68. Let l = m + -30. Is (-4)/(l/(-44))*23 a prime number?
False
Suppose 23*f + 14791 = 74775. Let q = f - 771. Is q composite?
True
Let l = 3402 - 1829. Suppose -y = l - 8012. Is y composite?
True
Let v(p) be the third derivative of p**6/120 + 37*p**5/60 + 19*p**4/12 + 9*p**3/2 - p**2 - 57*p. Is v(-34) a composite number?
False
Suppose 0 = 4*r - 2*r - 98. Suppose 59937 + 28116 = r*k. Is k a prime number?
False
Suppose -4*v + 20 = r, -5*r = -2*v - 12 - 0. Suppose -g + z + 63 = 0, -r*z = -5*g - 2*z + 324. Suppose g = -4*a + 190. Is a a prime number?
True
Let d = 517 - 512. Let g(n) = 23*n**2 - 4*n - 1. Let j be g(7). Suppose 997 = d*m - j. Is m prime?
True
Let s(k) = 4*k - 7. Let h be s(3). Let c(o) = 13 + 4*o**3 + o**3 - h*o**2 - 2*o**3 + o + 2*o**3. Is c(6) a composite number?
False
Let n = -77 + 88. Suppose 10*t - 277 = n*t. Let m = t - -531. Is m composite?
True
Let w be -169 + -6 + 6 - (1 + 4). Let m = 521 + w. Is m a composite number?
False
Let n(h) = 4002*h**3 - 22*h**2 + 185*h - 8. Is n(9) a prime number?
True
Let s = 637 + -630. Let i(u) = u**2 + u - 1. Let z(b) = b**3 + 2*b**2 + 6*b + 6. Let p(v) = -2*i(v) + z(v). Is p(s) a prime number?
True
Suppose -2*t + 4*w = 80, 3*t - 5*w = -6*w - 106. Is (-586)/((-8)/t - 200/495) composite?
True
Let m(y) = -14*y**2 - 6*y + 2. Let n be m(-6). Let s be (-2)/((-9)/(-36) - 6090/24168). Let l = n + s. Is l prime?
True
Suppose 30 = -11*h - 36. Let o be (29/3)/(h - (-34)/6). Is ((2 - -2) + -115)*o/3 a composite number?
True
Suppose -4*x - 63662 = 24750. Let q = -15640 - x. Is q a prime number?
False
Let t(k) = k**3 + 14*k**2 + 3. Let s be t(-14). Suppose -8744 = -s*g + 15166. Suppose -11*f + f = -g. Is f prime?
True
Suppose 1163121 = 3*r + 5*y, -4*r = -3*y + 43590 - 1594418. Is r composite?
False
Let j be ((-12)/10)/((-39)/25480). Let o = 2043 - j. Is o a prime number?
True
Let x = 456 - 458. Suppose 1 = 3*b - 2. Is 65/(-5)*(b + x) a prime number?
True
Suppose -79364 = -4*s + 2*p, -4*p + 14457 - 34298 = -s. Is s a prime number?
True
Suppose 813050 = -2*s + 120*s - 3*s. Suppose -l + 755 = -2656. Let g = s - l. Is g a prime number?
True
Let x(w) be the third derivative of 10*w**4/3 + 2*w**3 + 22*w**2. Let d be x(6). Suppose 18*b = 22*b - d. Is b a composite number?
True
Let l be -1 + 4/12 + (-92)/(-12). Suppose -j + 3*x = l*x - 113, -5*x = -4*j + 347. Is j a composite number?
True
Let f be 327285/90 + 2*(-1)/(-4). Suppose 0 = -l + 2*q + f, -5*l = 2*q - 17124 - 1121. Is l a composite number?
True
Let u(b) = 7805*b**3 - 5*b**2 - 13. Is u(3) a composite number?
True
Let x(i) = 80*i**3 - 3. Let c be (3/(-2))/((-31)/62). Is x(c) composite?
True
Suppose -40761 = -4*q + 3*r, 5*q - 51033 = 5*r - 83. Suppose 28*w + q = 31*w. Is w prime?
False
Let x(v) = 157*v - 15. Let f(y) = 9*y**3 + 10*y**2 + 14 + 5*y**2 + y - 5*y**2 - 8*y**3. Let k be f(-10). Is x(k) a composite number?
False
Let b(p) = -2*p**3 - 59*p + 3*p**3 + 60*p**2 + 3*p**3 - 28 + 0*p**3. Let h(y) = -y**3 - 15*y**2 + 15*y + 7. Let v(s) = -2*b(s) - 9*h(s). Is v(-14) prime?
False
Let y(j) = j**3 - 77*j**2 - 196*j + 187. Is y(81) a composite number?
True
Let u(r) = 5*r - 5. Let v be u(9). Suppose -t = 4*d - 5 - 10, 5*d - v = 3*t. Suppose 3*z - d*z + 2390 = 0. Is z prime?
False
Is 564 - -678913 - 2/4*0/(-2) a prime number?
False
Let b(v) = 206*v**3 - 4*v**2 - 3*v + 16. Let y = 64 + -61. Let n be b(y). Suppose -6*p - 9267 = -5*t - 3*p, 5*p = -3*t + n. Is t a prime number?
False
Suppose -3*i - 15*i = 10*i - 3525788. Is i a prime number?
True
Let a be (-3)/2 - (-325922)/4 - -3. Suppose 15*d = 4*i + 11*d - 162928, 0 = -2*i - 4*d + a. Is i composite?
True
Let k be 132768/(-15) + 2/10. Let w = 12900 + k. Is w a composite number?
False
Let v(p) = -4*p**3 + 46*p**2 + 192*p + 1577. Is v(-42) a composite number?
True
Suppose -5*x + x = z + 243, -4*x = 2*z + 498. Let w = 614 + z. Is w prime?
True
Let i = -25071 - -11651. Is 1*-5 - i/10 a composite number?
True
Let n(w) = -w**2 + w + 6. Let z be n(3). Let b be 0 + z + (-204)/(-12). Is 2*2/8*18938/b prime?
True
Is 14/((-126)/27) + 734516 a prime number?
False
Suppose 3*y = h + 1780 - 203, 2*y = -h + 1048. Let l = 283 - y. Let s = 579 + l. Is s a prime number?
True
Let b(m) = 110*m**3 + 9*m**2 - 8*m + 215. Is b(8) a composite number?
False
Suppose 3*w - 3*o - 15 = 0, 2*o = 4*w - 3*o - 22. Suppose 8*n - w*n = 0. Suppose n = -2*d + 164 + 282. Is d a composite number?
False
Suppose k = n + 14704, -2*n = -25*k + 27*k + 29416. Is n/(-8) - (-14)/(-56) a composite number?
True
Let s = -145 - -147. Suppose -s*w + v = 2*v - 6, 5*w - 17 = -2*v. Suppose 2*x = -0*x + 4*o + 618, -o + 1534 = w*x. Is x prime?
True
Let w = 44635 + -39720. Is w prime?
False
Is (161214 + 4)*1 - -3 prime?
True
Let x = 44218 + -26220. Is x a composite number?
True
Is (0 - 16/12)/(344/(-5404326)) composite?
False
Is (0 + 30671)/((-5)/(-35)) composite?
True
Let o = 95231 - 36391. Is (o/(-32))/((-2)/8) composite?
True
Suppose -q = 582*t - 583*t - 280842, 1404133 = 5*q + 6*t. Is q composite?
True
Let u = -275 - -287. Suppose 7823 = 4*l - 5*x - 50868, 4*x + u = 0. Is l a composite number?
False
Suppose -10*t = 2*t + 36. Let v be 23 + -14 + 0 + t. Is (-2)/v*(-4 + 1 + -6012) prime?
False
Suppose -4*h + 3*q = 11322 - 63162, -5*h + 3*q = -64803. Suppose 0 = 11*c - 8*c - h. Is c composite?
True
Is ((-186)/(-9))/((-196)/(-2354646)) a prime number?
False
Suppose -2*d + 1257794 = 2*j, -4*d + 1184548 = -4*j + 3700136. Is j a composite number?
True
Suppose 2*u + v - 2*v - 1904 = 0, -5*v = -3*u + 2849. Suppose -20*g + u = -20687. Is g a prime number?
False
Suppose -8974646 + 5371864 = 175*j - 39208107. Is j prime?
True
Suppose 4*x + 12 = -84. Let y = 29 + x. Suppose -3493 = -y*d + 6012. Is d a prime number?
True
Suppose 0 = 40*q - 755380 - 2626980. Is q a prime number?
True
Suppose -2*c + 1 = 5*f - 6, 0 = -4*f + 3*c + 24. Suppose 4*d - p = -12 + 125, -5*p + 79 = f*d. Suppose -d*j + 763 = -27*j. Is j a prime number?
False
Let t = 87795 + -61796. Is t prime?
True
Suppose 5560578 = -226*j + 962